{"id":10,"date":"2021-08-08T17:49:51","date_gmt":"2021-08-08T17:49:51","guid":{"rendered":"https:\/\/semiagro.com\/pastos360\/?page_id=10"},"modified":"2021-08-27T02:40:40","modified_gmt":"2021-08-27T02:40:40","slug":"portada","status":"publish","type":"page","link":"https:\/\/semiagro.com\/pastos360\/","title":{"rendered":"Portada"},"content":{"rendered":"\nPastos\n\t\t\u00d7\n\t\t<ul id=\"menu-pastos\"><li id=\"menu-item-267\"><a href=\"https:\/\/semiagro.com\/pastos360\/pasto\/brizantha\/\" tabindex=\"0\" role=\"link\">Brizantha<\/a><\/li>\n<li id=\"menu-item-269\"><a href=\"https:\/\/semiagro.com\/pastos360\/pasto\/camello\/\" tabindex=\"0\" role=\"link\">Camello<\/a><\/li>\n<li id=\"menu-item-274\"><a href=\"https:\/\/semiagro.com\/pastos360\/pasto\/cayman\/\" tabindex=\"0\" role=\"link\">Cayman<\/a><\/li>\n<li id=\"menu-item-273\"><a href=\"https:\/\/semiagro.com\/pastos360\/pasto\/decumbens\/\" tabindex=\"0\" role=\"link\">Decumbens<\/a><\/li>\n<li id=\"menu-item-278\"><a href=\"https:\/\/semiagro.com\/pastos360\/pasto\/10-dyctioneura\/\" tabindex=\"0\" role=\"link\">Dictyoneura<\/a><\/li>\n<li id=\"menu-item-268\"><a href=\"https:\/\/semiagro.com\/pastos360\/pasto\/ipypora\/\" tabindex=\"0\" role=\"link\">Ipypora<\/a><\/li>\n<li id=\"menu-item-270\"><a href=\"https:\/\/semiagro.com\/pastos360\/pasto\/mavuno\/\" tabindex=\"0\" role=\"link\">Mavuno<\/a><\/li>\n<li id=\"menu-item-276\"><a href=\"https:\/\/semiagro.com\/pastos360\/pasto\/08-mestizos\/\" tabindex=\"0\" role=\"link\">Mestizo<\/a><\/li>\n<li id=\"menu-item-272\"><a href=\"https:\/\/semiagro.com\/pastos360\/pasto\/paiaguas\/\" tabindex=\"0\" role=\"link\">Paiagu\u00e1s<\/a><\/li>\n<li id=\"menu-item-271\"><a href=\"https:\/\/semiagro.com\/pastos360\/pasto\/ruzi\/\" tabindex=\"0\" role=\"link\">Ruzi<\/a><\/li>\n<li id=\"menu-item-277\"><a href=\"https:\/\/semiagro.com\/pastos360\/pasto\/09-toledo\/\" tabindex=\"0\" role=\"link\">Toledo<\/a><\/li>\n<li id=\"menu-item-275\"><a href=\"https:\/\/semiagro.com\/pastos360\/pasto\/zuri\/\" tabindex=\"0\" role=\"link\">Zuri<\/a><\/li>\n<\/ul>\n\t<a href=\"#\" id=\"trigger-\" data-modal=\"\" data-node=\"\">\n\t\t\t\t\t\t\tInformaci\u00f3n\n\t\t\t\t\t\t\t\t\t\t<\/a>\n\t\t\t\t\t\tPreview\n\t\t\tmodal-\n\t\t\t\t\t\t\t\t\t\t<h2>Tour Pastos 360<\/h2>\n\t\t\t\t\t\tTe damos la bienvenida a nuestro tour de pastos, en la pesta\u00f1a de pastos puedes ir al producto de tu preferencia, donde encontrar\u00e1s informaci\u00f3n t\u00e9cnica de cada pasto disponible en nuestro tour.\n&nbsp;\nEsperamos que disfrutes la experiencia.\n&nbsp;\n&nbsp;\n\n\t<iframe loading=\"lazy\" name=\"iframe_pastos\" width=\"100%\" height=\"640\" frameborder=\"0\" allowfullscreen=\"\" allow=\"xr-spatial-tracking; gyroscope; accelerometer\" scrolling=\"no\" src=\"https:\/\/www.kuula.co\/share\/Nhxd4?fs=1&amp;vr=1&amp;sd=1&amp;initload=0&amp;thumbs=1&amp;info=0&amp;logo=0\"><\/iframe>\n","protected":false},"excerpt":{"rendered":"<p>Pastos \u00d7 Brizantha Camello Cayman Decumbens Dictyoneura Ipypora Mavuno Mestizo Paiagu\u00e1s Ruzi Toledo Zuri Informaci\u00f3n Preview modal- Tour Pastos 360 Te damos la bienvenida a nuestro tour de pastos, en la pesta\u00f1a de pastos puedes ir al producto de tu preferencia, donde encontrar\u00e1s informaci\u00f3n t\u00e9cnica de cada pasto disponible en nuestro tour. &nbsp; Esperamos que&hellip;<\/p>\n","protected":false},"author":1,"featured_media":0,"parent":0,"menu_order":0,"comment_status":"closed","ping_status":"closed","template":"","meta":[],"meta_box":[],"_links":{"self":[{"href":"https:\/\/semiagro.com\/pastos360\/wp-json\/wp\/v2\/pages\/10"}],"collection":[{"href":"https:\/\/semiagro.com\/pastos360\/wp-json\/wp\/v2\/pages"}],"about":[{"href":"https:\/\/semiagro.com\/pastos360\/wp-json\/wp\/v2\/types\/page"}],"author":[{"embeddable":true,"href":"https:\/\/semiagro.com\/pastos360\/wp-json\/wp\/v2\/users\/1"}],"replies":[{"embeddable":true,"href":"https:\/\/semiagro.com\/pastos360\/wp-json\/wp\/v2\/comments?post=10"}],"version-history":[{"count":59,"href":"https:\/\/semiagro.com\/pastos360\/wp-json\/wp\/v2\/pages\/10\/revisions"}],"predecessor-version":[{"id":335,"href":"https:\/\/semiagro.com\/pastos360\/wp-json\/wp\/v2\/pages\/10\/revisions\/335"}],"wp:attachment":[{"href":"https:\/\/semiagro.com\/pastos360\/wp-json\/wp\/v2\/media?parent=10"}],"curies":[{"name":"wp","href":"https:\/\/api.w.org\/{rel}","templated":true}]}}